and 381?
381
Calculate the greatest common divisor of 329 and 2234239.
329
Calculate the greatest common divisor of 918 and 8640.
54
What is the greatest common divisor of 1865 and 30586?
373
What is the highest common factor of 885 and 38645?
295
What is the highest common divisor of 334434 and 24186?
834
Calculate the greatest common divisor of 1470 and 960.
30
Calculate the highest common factor of 24500 and 26.
2
Calculate the highest common factor of 65428 and 32.
4
What is the highest common factor of 3300 and 176?
44
What is the highest common factor of 18040 and 49368?
88
Calculate the highest common factor of 7660695 and 5.
5
What is the highest common factor of 47677 and 139?
139
What is the highest common divisor of 463 and 263?
1
Calculate the greatest common factor of 8525 and 10550.
25
Calculate the highest common factor of 138 and 1201773.
69
What is the highest common divisor of 118 and 28851?
59
Calculate the highest common divisor of 630 and 26010.
90
What is the greatest common divisor of 88 and 35336?
8
What is the highest common divisor of 3390 and 2985?
15
Calculate the highest common divisor of 897 and 1265.
23
What is the greatest common divisor of 3204240 and 676?
676
What is the highest common divisor of 12 and 4784004?
12
What is the highest common divisor of 730531 and 76?
19
Calculate the highest common divisor of 1005 and 10380.
15
Calculate the highest common divisor of 7864 and 62.
2
Calculate the greatest common factor of 23364085 and 415.
415
Calculate the greatest common divisor of 1821144 and 898.
898
What is the greatest common divisor of 5522 and 3263?
251
Calculate the greatest common factor of 36332 and 5704.
124
Calculate the highest common factor of 5533 and 174541.
503
Calculate the highest common divisor of 5 and 431455.
5
What is the greatest common divisor of 5401 and 7117?
11
What is the greatest common factor of 41454 and 42?
42
Calculate the greatest common factor of 106 and 433646.
106
What is the greatest common divisor of 719528 and 159?
53
Calculate the highest common factor of 825 and 106271.
11
Calculate the greatest common factor of 27383 and 13483.
139
Calculate the greatest common factor of 160 and 32840.
40
What is the greatest common factor of 15890 and 265?
5
Calculate the greatest common factor of 63216 and 878.
878
What is the highest common divisor of 50995 and 2945?
155
Calculate the highest common factor of 54931 and 3749.
163
Calculate the highest common divisor of 303 and 5335527.
303
Calculate the highest common factor of 279 and 15221.
31
What is the highest common divisor of 179 and 237354?
179
Calculate the highest common divisor of 20501 and 95.
19
What is the highest common factor of 1406480 and 80?
80
Calculate the greatest common factor of 235 and 2417.
1
Calculate the highest common divisor of 105 and 821415.
105
What is the greatest common factor of 268 and 11323?
67
What is the highest common divisor of 231833 and 7?
7
What is the highest common factor of 6 and 88845?
3
Calculate the highest common factor of 849888 and 96.
96
What is the greatest common factor of 1510 and 90?
10
What is the highest common factor of 1638 and 22698?
234
What is the highest common factor of 9676 and 3444?
164
What is the greatest common divisor of 40 and 19288?
8
Calculate the greatest common factor of 420 and 292020.
60
Calculate the greatest common divisor of 4790 and 4910.
10
Calculate the highest common factor of 409239 and 207.
207
What is the highest common factor of 1251 and 561421?
139
What is the highest common divisor of 1060 and 1120?
20
What is the greatest common divisor of 327740 and 210?
70
Calculate the greatest common factor of 24635 and 26.
13
Calculate the highest common divisor of 144 and 417200.
16
What is the highest common factor of 583 and 18887?
11
Calculate the highest common divisor of 408 and 39576.
408
Calculate the greatest common factor of 19890 and 253980.
1530
Calculate the highest common factor of 3562600 and 25.
25
What is the highest common factor of 30459 and 1053?
39
What is the greatest common divisor of 195961 and 12700?
127
Calculate the highest common factor of 6422 and 36062.
494
What is the greatest common divisor of 1 and 130086?
1
Calculate the highest common factor of 192 and 3396.
12
What is the highest common divisor of 137814 and 1030?
206
What is the highest common factor of 31150 and 41118?
1246
What is the greatest common factor of 556 and 4865?
139
What is the greatest common factor of 45192 and 192?
24
What is the greatest common factor of 7551005 and 1783?
1783
What is the greatest common divisor of 4047 and 68586?
213
Calculate the highest common divisor of 72 and 123966.
18
What is the greatest common factor of 10873 and 393?
131
What is the greatest common divisor of 209 and 3781?
19
Calculate the highest common divisor of 75627 and 9.
9
What is the highest common divisor of 4189447 and 172?
43
What is the highest common factor of 16 and 34872?
8
Calculate the highest common factor of 84 and 798.
42
Calculate the highest common factor of 44 and 509377.
11
What is the greatest common divisor of 56091 and 21?
21
What is the highest common factor of 84579 and 726?
363
What is the highest common divisor of 41764 and 4876?
212
Calculate the highest common divisor of 95 and 310175.
95
What is the highest common factor of 5875 and 198575?
1175
What is the highest common factor of 4770 and 1440?
90
Calculate the greatest common factor of 70 and 10142930.
70
What is the highest common factor of 67308 and 13206?
426
What is the greatest common divisor of 50161 and 2781?
103
What is the greatest common divisor of 334375 and 100?
25
Calculate the highest common factor of 84 and 2222178.
42
What is the highest common divisor of 6776 and 1333640?
616
Calculate the highest common factor of 36490 and 2050.
410
What is the greatest common factor of 972 and 8952?
12
What is the greatest common divisor of 2055587 and 859?
859
What is the highest common factor of 1086 and 3768782?
362
What is the highest common divisor of 10 and 301305?
5
What is the highest common divisor of 4526 and 23684?
62
What is the highest common factor of 30 and 177890?
10
Calculate the highest common divisor of 595 and 26950.
35
What is the highest common divisor of 14944 and 21949?
467
Calculate the highest common factor of 724660 and 4940.
380
What is the highest common divisor of 4816 and 8656?
16
What is the greatest common factor of 989 and 26875?
43
Calculate the greatest common factor of 32617 and 845.
169
Calculate the greatest common divisor of 2955 and 128247.
591
Calculate the greatest common factor of 210056 and 7378.
434
Calculate the highest common divisor of 53058 and 14.
2
What is the highest common factor of 14714 and 448?
14
Calculate the highest common divisor of 401536 and 16.
16
What is the highest common factor of 8320 and 32832?
64
Calculate the highest common divisor of 2150 and 716810.
430
Calculate the highest common divisor of 671680 and 1440.
160
Calculate the greatest common divisor of 937890 and 2295.
765
What is the highest common divisor of 52219 and 1185?
79
What is the highest common divisor of 360 and 120936?
24
What is the highest common divisor of 81 and 34063092?
81
Calculate the highest common factor of 30 and 5430.
30
Calculate the greatest common divisor of 13420 and 59719.
671
Calculate the highest common divisor of 539585 and 4665.
1555
Calculate the greatest common factor of 1805620 and 20.
20
What is the highest common divisor of 885 and 2100?
15
Calculate the greatest common divisor of 291 and 259475.
97
What is the highest common divisor of 80 and 3616?
16
Calculate the greatest common divisor of 169 and 26949.
13
What is the highest common factor of 3510 and 13110?
30
Calculate the greatest common divisor of 3032361 and 18.
9
What is the greatest common divisor of 254012 and 1255?
251
Calculate the greatest common divisor of 145 and 182671.
29
What is the highest common divisor of 2429 and 39905?
347
Calculate the greatest common factor of 16891 and 2261.
133
What is the greatest common factor of 6931 and 8729?
29
What is the highest common factor of 508365 and 3465?
495
What is the highest common factor of 334 and 218